*p = 5*d + 86. List the prime factors of p.
3
Let l(w) = 121*w - 69. List the prime factors of l(6).
3, 73
Let b(g) = g**2 - 9*g - 12. Let m be b(11). Suppose 30 = 4*f + m. Suppose -f*j + j + 4*q + 32 = 0, j - 3*q - 16 = 0. What are the prime factors of j?
2
Suppose -39*o + 43*o + 48 = 0. Let s be o*(3 + 40/(-12)). Suppose -5*p - 5*x + 155 = 0, -7*x = p - s*x - 35. List the prime factors of p.
29
Suppose 0 = 2*t - 0*t - 150. Let j(h) = 15*h**2 + 2*h - 1. Let d be j(-1). Suppose -9*q - t = -d*q. What are the prime factors of q?
5
Let g = 1062 - 454. List the prime factors of g.
2, 19
Suppose 25*c = c + 31800. List the prime factors of c.
5, 53
Suppose -2180 = -5*b - 2*h, 2*h - 1600 = -4*b + 146. List the prime factors of b.
2, 7, 31
Let s(t) = 87*t + 306. What are the prime factors of s(14)?
2, 3, 127
Let c(f) = -2235*f - 11. What are the prime factors of c(-2)?
7, 13
Let q(o) = -9*o - 5. Let r be q(-12). Suppose -2*x - 6 = 0, 2*c - x = 3*c - r. Suppose 0 = -3*j - 3, 4*m - j - c = j. List the prime factors of m.
2, 13
Suppose 0 = -4*t - 3*k - 3, -3*t + 0*k + 4*k = -29. Suppose t*v + 4*a - 2 = 0, -1 = 2*v - 3*a + 9. What are the prime factors of (11/(-3))/(v/30)?
5, 11
Let k(l) = -l**3 + l + 1. Let f be k(-2). Suppose f*w - 48 = w. What are the prime factors of w?
2
Let x(g) = 2*g - 20. Let y be x(11). Suppose -5*j + 2*a = -j - 338, -y*a - 254 = -3*j. List the prime factors of j.
2, 3, 7
Let l(v) = v + 26. Let u = -68 - -56. List the prime factors of l(u).
2, 7
Let h(u) = 2*u - 4. Let n be h(4). What are the prime factors of (-32)/n*(-3 - -1)?
2
What are the prime factors of (1*(-102)/7)/((-1)/56)?
2, 3, 17
Let m(v) = -2*v + 9. Let q be m(8). Let s be (-2510)/(-35) + (-2)/q. Suppose 0 = -6*y + 2*y + s. List the prime factors of y.
2, 3
Let j(f) = f**3 + 4*f**2 + 2*f. Let c(p) = p**3 + 8*p**2 + 8*p + 4. Let x be c(-7). Let l be j(x). Suppose -l*n + 66 = 3. What are the prime factors of n?
3, 7
Let a be 62/((-466)/470 + 1). List the prime factors of (-4)/30 + a/75.
97
Let h(k) = k**3 - 7*k**2 + 3*k - 1. Let a be h(7). Suppose 5*f - a = -0*f. Suppose 18*p = 19*p - f. List the prime factors of p.
2
Let s = 372 - -789. What are the prime factors of s?
3, 43
Let f = -91 + 94. Let d = 2 + 4. List the prime factors of 28/f*9/d.
2, 7
Let y(p) = -3*p**3 - 5*p**2 - 91*p - 30. What are the prime factors of y(-9)?
3, 857
Let i(h) be the third derivative of h**4/24 + h**3/2 - 4*h**2. Let a be i(-3). List the prime factors of 34 + -6 - (0 - a).
2, 7
Let i(v) = -2*v**2 - 8*v + 17. Let a be i(-8). Suppose 4*y = 3*y + 66. Let j = a + y. What are the prime factors of j?
19
Let k(v) = 6*v + 12. Let p be k(4). Let w = 30 + p. What are the prime factors of w?
2, 3, 11
Let h(o) = 5*o**3 - 3*o**2 + 6*o - 10. Let j be h(3). Let d = j + 45. List the prime factors of d.
7, 23
Let a = -17 + 11. Let r = a + 7. What are the prime factors of (-128)/(-10) + r/5?
13
Suppose j + 3*j = -2*o + 410, 2*j - 5*o = 199. List the prime factors of j.
2, 3, 17
Let q(z) = 309 + 4*z**2 - 305 - 3*z**2. Let a be (4/5)/(2/10). List the prime factors of q(a).
2, 5
Let c(l) = -2*l + 13. Let h be c(5). List the prime factors of 12/(h/(-81)*-6).
2, 3
Let m(o) = 7*o**3 - 20*o**2 + 5*o + 47. Let u(j) = -4*j**3 + 10*j**2 - 2*j - 24. Let c(r) = 3*m(r) + 5*u(r). List the prime factors of c(10).
71
Let g be 12/(-2)*(-2)/4. What are the prime factors of 3*(0 + g - (-7)/(-3))?
2
Let n(j) = -5*j + 23. Let m(s) = -14*s + 68. Let k(v) = 4*m(v) - 11*n(v). Let p be k(16). Suppose 60 = p*o + 2*o. What are the prime factors of o?
2, 3
Let r = 11 - 12. Let m be (-5*1)/(r - 0). List the prime factors of (15/(-3))/((-1)/m).
5
Let w(p) = -12*p + 29. What are the prime factors of w(-17)?
233
Let x(o) be the first derivative of -o**2 + 14*o - 5. Let g be x(7). Suppose g*n + 4*n = 112. List the prime factors of n.
2, 7
Let w(z) = -z**3 - 4*z**2 + z + 6. Let a be w(-4). Suppose 0 = -4*n + 4*v + 88, a*n = 6*n + 3*v - 60. List the prime factors of n.
2, 3
Suppose -68 = -11*g + 64. What are the prime factors of g?
2, 3
Let g = -349 + 1148. What are the prime factors of g?
17, 47
Let z = -171 + 231. What are the prime factors of z?
2, 3, 5
Let k(w) = -2*w - 15. Let r(p) = -p**2 + 6*p + 5. Let f be r(5). Let l be k(f). List the prime factors of l/2*(-12)/7.
2, 3, 5
Suppose 0*y = -y + 5. Let t(k) = -3 + 360*k - k**2 - 176*k - 178*k. What are the prime factors of t(y)?
2
Let x = -7 - -19. Let o(m) = m**2 - 15*m - 18. Let n be o(17). Let k = n - x. List the prime factors of k.
2
List the prime factors of ((-6)/(-4))/(-12 - 87710/(-7308)).
3, 29
Suppose -8*s + s + 3724 = 0. List the prime factors of s.
2, 7, 19
Suppose -4*k + 3202 = 2*h, -12*h = -2*k - 14*h + 1604. List the prime factors of k.
17, 47
Let z be (-10)/25 + (-4)/(-10). Suppose z = -5*m + 4*v + v + 1095, -4*v - 4 = 0. List the prime factors of m.
2, 109
Let f(b) = 8*b**2 + 4*b - 10. Let y be f(-4). Let z = 255 - y. List the prime factors of z.
3, 17
Suppose 2 + 1 = d. Let u(r) = -r**3 + 7*r**2 - r + 7. Let c be u(7). Suppose -a + d*a - 38 = c. What are the prime factors of a?
19
Let o(n) = 235*n + 46. List the prime factors of o(3).
751
Let y be 68/20 - 3 - 296/(-10). Let h = 8 + y. What are the prime factors of h?
2, 19
Let c = 530 + -75. List the prime factors of c.
5, 7, 13
Suppose -7*f + 557 = -941. List the prime factors of f.
2, 107
Let b be 1830/5*2/6. Suppose -4*g - 304 = -5*i, 2*i + 0*i - 2*g - b = 0. Suppose 2*l - w - 68 = -2*w, w = 2*l - i. List the prime factors of l.
2
Let p = -2 - -3. Let r be 2/(p - (-2 + 1)). Suppose r = f - 2. What are the prime factors of f?
3
Let m = -10 + 11. Let r be (19 - 7) + m*4. Suppose -3*b + r = k - 6, 4*b - 76 = -3*k. List the prime factors of k.
2, 7
Let y(z) = -z**3 - 13*z**2 + 12*z - 2. Let m be y(-14). Suppose -2*p + m = 2*i, -p - 2*p + 33 = i. List the prime factors of (10/p)/((-2)/(-48)).
2, 3
Let q = 24 - 20. Let g(d) = 2*d**3 - 2*d**2 + 2*d - 5. What are the prime factors of g(q)?
3, 11
Let a = -28 - -40. Let j be (10/(-3))/5*a. List the prime factors of ((-40)/4)/(2/j).
2, 5
List the prime factors of (-45110)/(-78) - 3/9.
2, 17
Let y(k) = 14*k - 2. Suppose -6*j + j - 15 = 0. Let a be (j - -4) + 0 + 1. What are the prime factors of y(a)?
2, 13
Let v be 1/(-2) - 4743/34. List the prime factors of (12/10)/((-4)/v).
2, 3, 7
Let d(b) = -14 - 11*b - 3*b**2 + 6*b**2 + 3*b**2 - 7*b**2. Let h be d(-12). Let j = 70 + h. List the prime factors of j.
2, 11
Let w(q) be the second derivative of -2*q**3/3 - 9*q**2/2 - 4*q. Let o be w(6). Let k = 59 + o. What are the prime factors of k?
2, 13
Suppose -2*b + 1001 = 3*r + 259, 4*r - 366 = -b. List the prime factors of b.
2, 11, 17
Let m(y) = y + 4. Let d be m(-4). Suppose d*g = 5*g + 380. Let o = -54 - g. List the prime factors of o.
2, 11
What are the prime factors of ((-4)/(-3))/((-20)/(-165))?
11
Let f = -64 - -66. What are the prime factors of ((-25)/(-10) - 3)/(f/(-312))?
2, 3, 13
Suppose -347*w + 366*w = 82574. List the prime factors of w.
2, 41, 53
Suppose -5*y + 10*y + 5 = 0. Suppose 6*x - 3*c = 3*x + 30, 23 = 2*x - c. What are the prime factors of x + y*(-8)/(-2)?
3
Let h(z) = -3*z**2 + z - 1. Let k(v) be the first derivative of 7*v**3/3 - v**2/2 + v + 12. Let u(q) = 7*h(q) + 4*k(q). What are the prime factors of u(-2)?
19
Let f = -5838 - -10186. What are the prime factors of f?
2, 1087
Suppose -40 = 2*y - 2*n, 20 = 4*n + n. List the prime factors of ((-51)/(-2))/((-6)/y).
2, 17
Let u = -12 - -13. Let m be 4 - (5 + u + -3). Let j = 9 - m. List the prime factors of j.
2
Let r = 58 + 33. Let f = -13 + r. What are the prime factors of f?
2, 3, 13
List the prime factors of ((-16)/(-12) - 0)*(-5154)/(-4).
2, 859
Let m = 33 + 15. Suppose 0 = -r - 3*r - 4*z - m, -r - 12 = 5*z. List the prime factors of r*(-2 + (-5)/4).
3, 13
Let y = -92 - -575. List the prime factors of y.
3, 7, 23
Suppose a + c = 1786, -2*a + 1846 + 1727 = c. List the prime factors of a.
1787
Suppose 65*g - 338 = 63*g. List the prime factors of g.
13
Suppose -4 = -2*t + 16. Let s(w) = w**2 + 4*w - 10. Let o be s(-5). Let i = o + t. List the prime factors of i.
5
Suppose 5*a = 2*z + 605, 3*a + 3*z + 2*z - 332 = 0. Suppose 3*c - 15 = 0, 4*t + 2*c + 5 = a. List the prime factors of t.
2, 13
Let u(v) = -311*v -